 is the millions digit of 13991897?
3
What is the millions digit of 5320031?
5
What is the hundred thousands digit of 618588?
6
What is the ten thousands digit of 83722?
8
What is the hundred thousands digit of 871952?
8
What is the thousands digit of 1150287?
0
What is the thousands digit of 231564?
1
What is the hundred thousands digit of 434436?
4
What is the ten thousands digit of 2129878?
2
What is the thousands digit of 399927?
9
What is the units digit of 2822563?
3
What is the tens digit of 160082?
8
What is the hundreds digit of 21778461?
4
What is the units digit of 878?
8
What is the hundreds digit of 1770806?
8
What is the hundred thousands digit of 243725?
2
What is the millions digit of 2106709?
2
What is the hundred thousands digit of 13869724?
8
What is the hundred thousands digit of 444964?
4
What is the millions digit of 6637957?
6
What is the hundreds digit of 7994?
9
What is the units digit of 404084?
4
What is the ten millions digit of 11605850?
1
What is the hundred thousands digit of 1503436?
5
What is the thousands digit of 2917323?
7
What is the ten thousands digit of 4901243?
0
What is the ten millions digit of 11403034?
1
What is the hundred thousands digit of 11036960?
0
What is the hundreds digit of 21619?
6
What is the units digit of 459730?
0
What is the units digit of 7606971?
1
What is the millions digit of 3152399?
3
What is the units digit of 84979?
9
What is the hundreds digit of 103998?
9
What is the tens digit of 172352?
5
What is the units digit of 70809?
9
What is the millions digit of 9408668?
9
What is the tens digit of 4457594?
9
What is the units digit of 245064?
4
What is the units digit of 172583?
3
What is the hundreds digit of 200403?
4
What is the hundreds digit of 8431285?
2
What is the ten thousands digit of 1147046?
4
What is the thousands digit of 1162543?
2
What is the ten millions digit of 12227575?
1
What is the units digit of 223004?
4
What is the units digit of 334325?
5
What is the thousands digit of 4748408?
8
What is the ten thousands digit of 165852?
6
What is the thousands digit of 3207?
3
What is the tens digit of 9493003?
0
What is the thousands digit of 297151?
7
What is the units digit of 5538142?
2
What is the units digit of 1376204?
4
What is the tens digit of 1057372?
7
What is the millions digit of 3034515?
3
What is the tens digit of 622893?
9
What is the thousands digit of 624930?
4
What is the hundreds digit of 54938?
9
What is the tens digit of 13439?
3
What is the ten thousands digit of 1069483?
6
What is the hundreds digit of 1960254?
2
What is the units digit of 4548698?
8
What is the ten thousands digit of 16565287?
6
What is the ten millions digit of 24288991?
2
What is the thousands digit of 42739?
2
What is the thousands digit of 614845?
4
What is the units digit of 1065778?
8
What is the hundreds digit of 1909253?
2
What is the tens digit of 15284298?
9
What is the ten thousands digit of 3134869?
3
What is the thousands digit of 533676?
3
What is the ten thousands digit of 257956?
5
What is the units digit of 1164194?
4
What is the tens digit of 327269?
6
What is the ten thousands digit of 485090?
8
What is the hundred thousands digit of 248023?
2
What is the hundreds digit of 200508?
5
What is the units digit of 51868?
8
What is the thousands digit of 94868?
4
What is the hundreds digit of 633355?
3
What is the tens digit of 1203757?
5
What is the thousands digit of 954433?
4
What is the hundreds digit of 2638986?
9
What is the thousands digit of 1015835?
5
What is the hundred thousands digit of 12402862?
4
What is the thousands digit of 1398919?
8
What is the tens digit of 3975101?
0
What is the units digit of 424584?
4
What is the millions digit of 6510618?
6
What is the thousands digit of 236209?
6
What is the units digit of 450977?
7
What is the thousands digit of 7879993?
9
What is the ten millions digit of 32075702?
3
What is the millions digit of 1088943?
1
What is the ten thousands digit of 2149335?
4
What is the hundreds digit of 2179168?
1
What is the ten thousands digit of 60998?
6
What is the thousands digit of 3019229?
9
What is the hundreds digit of 409555?
5
What is the tens digit of 140967?
6
What is the hundreds digit of 14185952?
9
What is the millions digit of 6711363?
6
What is the tens digit of 22749856?
5
What is the hundred thousands digit of 5153390?
1
What is the tens digit of 2373165?
6
What is the tens digit of 1120767?
6
What is the hundreds digit of 174704?
7
What is the ten thousands digit of 379487?
7
What is the units digit of 2675291?
1
What is the tens digit of 5974651?
5
What is the ten thousands digit of 4199442?
9
What is the tens digit of 46001?
0
What is the millions digit of 8137889?
8
What is the hundred thousands digit of 10408655?
4
What is the thousands digit of 3324745?
4
What is the thousands digit of 2279686?
9
What is the tens digit of 14974?
7
What is the hundreds digit of 264755?
7
What is the thousands digit of 81989?
1
What is the units digit of 1374497?
7
What is the thousands digit of 9879437?
9
What is the units digit of 206938?
8
What is the hundred thousands digit of 297483?
2
What is the tens digit of 934133?
3
What is the tens digit of 1266322?
2
What is the thousands digit of 50325?
0
What is the units digit of 175367?
7
What is the hundred thousands digit of 5915167?
9
What is the tens digit of 165173?
7
What is the hundreds digit of 3622010?
0
What is the tens digit of 5494235?
3
What is the thousands digit of 18312?
8
What is the ten thousands digit of 9969081?
6
What is the hundreds digit of 183462?
4
What is the millions digit of 2052276?
2
What is the thousands digit of 236314?
6
What is the tens digit of 536045?
4
What is the tens digit of 2004347?
4
What is the ten thousands digit of 1404951?
0
What is the hundreds digit of 2448737?
7
What is the hundreds digit of 19008?
0
What is the hundred thousands digit of 5531172?
5
What is the ten thousands digit of 8800969?
0
What is the hundred thousands digit of 1570973?
5
What is the hundreds digit of 15567198?
1
What is the hundred thousands digit of 1686411?
6
What is the ten millions digit of 10055930?
1
What is the ten thousands digit of 711454?
1
What is the ten thousands digit of 2326118?
2
What is the millions digit of 1852647?
1
What is the hundreds digit of 9789562?
5
What is the hundreds digit of 2779967?
9
What is the ten thousands digit of 2627810?
2
What is the tens digit of 1383567?
6
What is the thousands digit of 247381?
7
What is the units digit of 17219515?
5
What is the units digit of 155963?
3
What is the thousands digit of 253549?
3
What is the thousands digit of 6460923?
0
What is the hundred thousands digit of 6606316?
6
What is the millions digit of 2059425?
2
What is the thousands digit of 8037627?
7
What is the tens digit of 3481331?
3
What is the hundreds digit of 2990140?
1
What is the tens digit of 553187?
8
What is the hundred thousands digit of 1559346?
5
What is the ten thousands digit of 589225?
8
What is the thousands digit of 43630?
3
What is the thousands digit of 12793722?
3
What is the ten thousands digit of 13003431?
0
What is the hundreds digit of 374470?
4
What is the thousands digit of 260035?
0
What is the hundreds digit of 136308?
3
What is the tens digit of 29008299?
9
What is the thousands digit of 32012605?
2
What is the hundreds digit of 1308091?
0
What is the units digit of 334479?
9
What is the ten thousands digit of 548028?
4
What is the thousands digit of 4961548?
1
What is the ten thousands digit of 541329?
4
What is the thousands digit of 4419647?
9
What is the tens digit of 532567?
6
What is the hundred thousands digit of 152301?
1
What is the hundred thousands digit of 485692?
4
What is the millions digit of 11242239?
1
What is the thousands digit of 19883841?
3
What is the ten thousands digit of 18123?
1
What is the hundreds digit of 108993?
9
What is the hundred thousands digit of 3817979?
8
What is the tens digit of 9960?
6
What is the ten thousands digit of 7242949?
4
What is the hundreds digit of 163247?
2
What is the hundred thousands digit of 555346?
5
What is the units digit of 11283894?
4
What is the units digit of 5241233?
3
What is the units digit of 497159?
9
What is the ten tho